What are the prime factors of 2009?
7, 41
List the prime factors of 2882.
2, 11, 131
List the prime factors of 13578.
2, 3, 31, 73
What are the prime factors of 23846?
2, 11923
What are the prime factors of 2051?
7, 293
What are the prime factors of 5046?
2, 3, 29
What are the prime factors of 3051?
3, 113
What are the prime factors of 394?
2, 197
What are the prime factors of 1162?
2, 7, 83
List the prime factors of 4785.
3, 5, 11, 29
What are the prime factors of 30058?
2, 7, 19, 113
What are the prime factors of 6064?
2, 379
What are the prime factors of 8944?
2, 13, 43
List the prime factors of 1600.
2, 5
List the prime factors of 2051.
7, 293
What are the prime factors of 884?
2, 13, 17
List the prime factors of 25504.
2, 797
List the prime factors of 2061.
3, 229
What are the prime factors of 20201?
20201
What are the prime factors of 57431?
11, 23, 227
List the prime factors of 56484.
2, 3, 523
List the prime factors of 7797.
3, 23, 113
List the prime factors of 448.
2, 7
List the prime factors of 3238.
2, 1619
What are the prime factors of 3628?
2, 907
What are the prime factors of 1824?
2, 3, 19
What are the prime factors of 58218?
2, 3, 31, 313
List the prime factors of 28654.
2, 14327
List the prime factors of 4029.
3, 17, 79
List the prime factors of 603.
3, 67
What are the prime factors of 16291?
11, 1481
List the prime factors of 39079.
39079
What are the prime factors of 148?
2, 37
What are the prime factors of 32654?
2, 29, 563
What are the prime factors of 44090?
2, 5, 4409
What are the prime factors of 5510?
2, 5, 19, 29
List the prime factors of 1336.
2, 167
What are the prime factors of 18725?
5, 7, 107
List the prime factors of 57104.
2, 43, 83
List the prime factors of 681.
3, 227
List the prime factors of 1990.
2, 5, 199
List the prime factors of 15554.
2, 7, 11, 101
List the prime factors of 28273.
7, 577
What are the prime factors of 8252?
2, 2063
List the prime factors of 3668.
2, 7, 131
What are the prime factors of 325?
5, 13
List the prime factors of 16001.
16001
List the prime factors of 3919.
3919
List the prime factors of 12604.
2, 23, 137
List the prime factors of 41516.
2, 97, 107
What are the prime factors of 31260?
2, 3, 5, 521
List the prime factors of 40722.
2, 3, 11, 617
What are the prime factors of 1829?
31, 59
What are the prime factors of 154?
2, 7, 11
List the prime factors of 858.
2, 3, 11, 13
What are the prime factors of 1010?
2, 5, 101
What are the prime factors of 6737?
6737
What are the prime factors of 890?
2, 5, 89
List the prime factors of 11104.
2, 347
What are the prime factors of 2194?
2, 1097
List the prime factors of 1580.
2, 5, 79
What are the prime factors of 11309?
43, 263
List the prime factors of 1728.
2, 3
List the prime factors of 27542.
2, 47, 293
List the prime factors of 65773.
17, 53, 73
List the prime factors of 84982.
2, 42491
List the prime factors of 49830.
2, 3, 5, 11, 151
List the prime factors of 11842.
2, 31, 191
What are the prime factors of 54313?
7, 7759
List the prime factors of 1380.
2, 3, 5, 23
What are the prime factors of 1172?
2, 293
List the prime factors of 36214.
2, 19, 953
List the prime factors of 106327.
13, 8179
What are the prime factors of 3429?
3, 127
List the prime factors of 15111.
3, 23, 73
List the prime factors of 70652.
2, 17, 1039
What are the prime factors of 42864?
2, 3, 19, 47
List the prime factors of 25430.
2, 5, 2543
List the prime factors of 2819.
2819
List the prime factors of 23828.
2, 7, 23, 37
What are the prime factors of 14885?
5, 13, 229
List the prime factors of 29764.
2, 7, 1063
What are the prime factors of 45462?
2, 3, 7577
What are the prime factors of 37515?
3, 5, 41, 61
What are the prime factors of 2134?
2, 11, 97
What are the prime factors of 20?
2, 5
What are the prime factors of 51667?
7, 11, 61
List the prime factors of 44478.
2, 3, 7, 353
List the prime factors of 61512.
2, 3, 11, 233
What are the prime factors of 2319?
3, 773
What are the prime factors of 4546?
2, 2273
List the prime factors of 676.
2, 13
List the prime factors of 24.
2, 3
What are the prime factors of 23943?
3, 23, 347
List the prime factors of 7244.
2, 1811
What are the prime factors of 74085?
3, 5, 11, 449
What are the prime factors of 163954?
2, 7, 239
List the prime factors of 280.
2, 5, 7
What are the prime factors of 21791?
7, 11, 283
List the prime factors of 11889.
3, 1321
What are the prime factors of 3152?
2, 197
What are the prime factors of 18564?
2, 3, 7, 13, 17
List the prime factors of 2093.
7, 13, 23
What are the prime factors of 15857?
101, 157
List the prime factors of 42844.
2, 10711
List the prime factors of 105898.
2, 13, 4073
List the prime factors of 28168.
2, 7, 503
List the prime factors of 75588.
2, 3, 6299
List the prime factors of 6079.
6079
List the prime factors of 612.
2, 3, 17
List the prime factors of 1157.
13, 89
What are the prime factors of 1200?
2, 3, 5
What are the prime factors of 49374?
2, 3, 13, 211
List the prime factors of 25781.
7, 29, 127
What are the prime factors of 21542?
2, 10771
List the prime factors of 42267.
3, 73, 193
What are the prime factors of 38?
2, 19
List the prime factors of 67296.
2, 3, 701
List the prime factors of 4006.
2, 2003
List the prime factors of 9515.
5, 11, 173
List the prime factors of 19752.
2, 3, 823
What are the prime factors of 2491?
47, 53
What are the prime factors of 6981?
3, 13, 179
What are the prime factors of 725?
5, 29
What are the prime factors of 2270?
2, 5, 227
What are the prime factors of 3862?
2, 1931
What are the prime factors of 4441?
4441
List the prime factors of 2508.
2, 3, 11, 19
List the prime factors of 832.
2, 13
What are the prime factors of 29197?
7, 43, 97
What are the prime factors of 27396?
2, 3, 761
List the prime factors of 3.
3
List the prime factors of 12478.
2, 17, 367
What are the prime factors of 18200?
2, 5, 7, 13
What are the prime factors of 111223?
7, 15889
What are the prime factors of 384?
2, 3
What are the prime factors of 11414?
2, 13, 439
What are the prime factors of 49237?
53, 929
List the prime factors of 114713.
114713
What are the prime factors of 64541?
233, 277
What are the prime factors of 6137?
17, 19
List the prime factors of 26525.
5, 1061
What are the prime factors of 41943?
3, 11, 31, 41
List the prime factors of 899.
29, 31
List the prime factors of 2160.
2, 3, 5
List the prime factors of 4772.
2, 1193
What are the prime factors of 2008?
2, 251
What are the prime factors of 6419?
7, 131
List the prime factors of 12585.
3, 5, 839
What are the prime factors of 17134?
2, 13, 659
What are the prime factors of 6232?
2, 19, 41
What are the prime factors of 2600?
2, 5, 13
List the prime factors of 2401.
7
What are the prime factors of 44515?
5, 29, 307
What are the prime factors of 11593?
11593
List the prime factors of 366.
2, 3, 61
List the prime factors of 63.
3, 7
List the prime factors of 3093.
3, 1031
What are the prime factors of 4968?
2, 3, 23
What are the prime factors of 29504?
2, 461
What are the prime factors of 1227?
3, 409
What are the prime factors of 940?
2, 5, 47
List the prime factors of 125361.
3, 4643
List the prime factors of 5628.
2, 3, 7, 67
List the prime factors of 3612.
2, 3, 7, 43
What are the prime factors of 2143?
2143
List the prime factors of 959.
7, 137
List the prime factors of 6903.
3, 13, 59
What are the prime factors of 719?
719
What are the prime factors of 47698?
2, 7, 3407
List the prime factors of 1370.
2, 5, 137
List the prime factors of 6613.
17, 389
What are the prime factors of 5177?
31, 167
List the prime factors of 104124.
2, 3, 8677
What are the prime factors of 6425?
5, 257
What are the prime factors of 5910?
2, 3, 5, 197
List the prime factors of 87080.
2, 5, 7, 311
List the prime factors of 3100.
2, 5, 31
What are the prime factors of 1087?
1087
What are the prime factors of 99001?
7, 14143
List the prime factors of 3537.
3, 131
List the prime factors of 119546.
2, 7, 8539
List the prime factors of 93802.
2, 46901
What are the prime factors of 6714?
2, 3, 373
List the prime factors of 24900.
2, 3, 5, 83
What are the prime factors of 24055?
5, 17, 283
What are the prime factors of 1142?
2, 571
What are the prime factors of 10288?
2, 643
What are the prime factors of 